s divided by (-105)/10*(0 - s).
17
Let d be 0 - ((-2)/9 + 28/126). Suppose -3*q = -c - d + 21, -2*q = 2*c - 50. What is the remainder when 46 is divided by c?
22
Suppose m + 4*m = 4*h - 261, 3*h - 194 = 2*m. Let z(j) = -3 + j - 4 + 2*j. Calculate the remainder when h is divided by z(6).
9
Suppose 3*z = -0*z + j, z + j = 0. Suppose 5*c - 4*w - 98 = 0, w = 3*c - z*w - 63. Calculate the remainder when c is divided by 13.
9
Suppose -114 + 14 = -5*l. Suppose l + 52 = 4*r + 5*n, 3*r = 4*n + 54. Calculate the remainder when r is divided by 7.
4
Suppose 2*a - 174 = -4*z, 4*a - 3*a - 3*z = 82. What is the remainder when a is divided by 43?
42
Calculate the remainder when 23 is divided by 49/8 + 3/96*-4.
5
Let j = -565 - -626. Calculate the remainder when 785 is divided by j.
53
Let m = -885 + 914. Suppose 0 = -0*q + q - 144. Calculate the remainder when q is divided by m.
28
Let z = 934 - 909. What is the remainder when 345 is divided by z?
20
Let f = 294 + -245. Calculate the remainder when 290 is divided by f.
45
Let i = -72 - -83. Suppose -4*x = -1 - i. Calculate the remainder when x is divided by 1.
0
Let z be (2 - -23)*(1 + 0). Let s = z - -3. Let h = 20 + s. Calculate the remainder when h is divided by 17.
14
Let s = -1 - -6. Suppose 2*o - 3*o = s*w - 25, o + w - 9 = 0. Suppose -14 = -2*b + 2*f, -f + 12 = o*b - 29. Calculate the remainder when 30 is divided by b.
6
Suppose -9*l + 4*l + 1241 = 3*i, 2*i - 2*l = 806. What is the remainder when i is divided by 51?
50
Let j(y) = y**3 + 3*y**2 - y. Calculate the remainder when j(2) is divided by 8.
2
Let z(l) = 5*l**2 - 17*l - 50. What is the remainder when z(-5) is divided by 16?
0
Let c(n) = 43*n**2 + 2*n - 1. Let q be c(1). Let b = q - 35. Calculate the remainder when 35 is divided by b.
8
Let m(t) = -3*t - 13. Let w be m(-13). Suppose 1 = 3*n - w. What is the remainder when 33 is divided by n?
6
Let z be 1/1*(-2 + -5). Let h = z - -23. Let l = 3 - -3. What is the remainder when h is divided by l?
4
Suppose -5*b - 14 = -44. Let c(p) be the first derivative of p**3/3 - 5*p**2/2 - 2*p + 1. What is the remainder when 5 is divided by c(b)?
1
Let w = -896 - -911. What is the remainder when 128 is divided by w?
8
Suppose -8*i + 492 = 300. Calculate the remainder when 261 is divided by i.
21
What is the remainder when 120/(-140) + 972/7 is divided by 42?
12
Let y = -3 + 208. Suppose -9 = 5*a + 4*q - y, -2*a = 2*q - 80. What is the remainder when a is divided by (-3)/8 - (-214)/16?
10
Suppose -32 = -9*j + 4. Suppose 0 = -j*c + 2*f + 524, -5*c + 389 = -3*f - 264. Calculate the remainder when c is divided by 45.
43
Let p = 16 + -34. Let z = p - -30. Let u(g) = -g**3 + 11*g**2 + 13*g + 6. What is the remainder when u(z) is divided by 5?
3
Suppose -48 = -4*k + 4*o, -2*k + 32 = -5*o + o. Suppose -4*j + j - 168 = 0. Let m = -34 - j. What is the remainder when m is divided by k?
6
Suppose -2*n = -3*t - 88, 2*n = 6*n + t - 162. Suppose 0 = -u + 3 - 1. Suppose 0*w - 22 = -u*w. What is the remainder when n is divided by w?
8
Let l = 169 + -102. Let t(b) = -3*b + 4*b**2 - 1 + 4 + b**2. What is the remainder when l is divided by t(2)?
16
Suppose -8*j + 54 = -74. Calculate the remainder when 90 is divided by j.
10
Suppose 0 = -l - 3 + 6. Let m(u) be the first derivative of 4*u**3/3 + u**2/2 + 6. What is the remainder when m(-1) is divided by l?
0
Let z(o) = -2*o**3 - 3*o**2 + 5*o + 3. Suppose 3 = -i - 0*i. Let d be z(i). Suppose -d - 1 = -2*b. Calculate the remainder when 15 is divided by b.
7
Let w be ((-10)/3)/((-7)/3 + 2). What is the remainder when (-4)/w*(-3)/((-6)/(-170)) is divided by 20?
14
Let x be (0 - 8/28) + 309/(-21). Let i(y) = -y**3 - 15*y**2 + 9. What is the remainder when 44 is divided by i(x)?
8
Calculate the remainder when 12344/184 - (-4)/(-46) is divided by 43.
24
Let l be (204/(-72))/(2/(-12)). Suppose 4*n - 3*k = 52, 3*n - 27 - l = k. What is the remainder when 12/(-5)*(-25)/2 is divided by n?
14
Let o(d) = -d**2 + 7*d + 7. Let k(j) = -j**2 + 7*j + 6. Let q(f) = -6*k(f) + 7*o(f). Calculate the remainder when 127 is divided by q(7).
10
Suppose 0 = 5*i + 5*l - 2*l + 78, 0 = i - l + 14. Let k = i - -24. Let g(p) = 3*p - 10. Calculate the remainder when g(k) is divided by 5.
2
Suppose -11 = -6*s + 115. What is the remainder when 229 is divided by s?
19
Suppose -4*n + 52 = w - 3*n, 8 = -2*n. Calculate the remainder when (-16)/w - 1222/(-14) is divided by 18.
15
Suppose -214 = 23*d - 812. Calculate the remainder when 87 is divided by d.
9
Let n(b) = -b**3 + 25*b**2 - 23*b - 4. Let y be n(24). Let i = y + 15. What is the remainder when i is divided by 13?
9
Let z(c) = c**3 + 8*c**2 + 4*c - 11. What is the remainder when z(-6) is divided by 33?
4
Let p be -12*(11/3 + -1*4). Suppose p*l - l = -2*t + 34, -t + 17 = -3*l. Calculate the remainder when 49 is divided by t.
15
Let i = -126 - -135. Suppose -i*v - 30 + 156 = 0. Calculate the remainder when v is divided by 2.
0
Suppose 0 = 2*c + 74 - 820. What is the remainder when c is divided by 9?
4
Suppose -189 = -4*b + 3*h, 0 = 113*b - 111*b + 3*h - 81. Calculate the remainder when 192 is divided by b.
12
Let t(d) = 6*d. Let p be t(1). Let k(y) = -5*y**2 + 22 + y**3 + 7*y - 13*y - 13. Calculate the remainder when k(p) is divided by 5.
4
Suppose 14*t + 3409 = 8365. What is the remainder when t is divided by 89?
87
Suppose 3 = 3*a + 2*z + 93, 5*z = 4*a + 120. Let s = -1 + a. Let f = -18 - s. Calculate the remainder when 25 is divided by f.
12
Suppose 0 = 2*j - 3*j + 27. Suppose 240 = 11*o - 14*o. Let t = 131 + o. Calculate the remainder when t is divided by j.
24
Let a = 363 + -240. Suppose a = 2*i + i. What is the remainder when i is divided by 12?
5
Let j = 1737 - 1700. Calculate the remainder when 95 is divided by j.
21
Let m(n) = n**3 - 6*n**2 - 2*n - 4. Let j be m(7). Let h = j + -17. What is the remainder when (16/10)/(9/225) is divided by h?
12
Suppose 4*i - 26 = -2*n, -5*n + 60 = -2*i + 7*i. Suppose -n*h = -8*h + 9. What is the remainder when 48 is divided by (-1 + -14)/(h/2)?
8
Let h = 52 - 37. Let p = h + 63. Let u(f) = -3*f + 1. What is the remainder when p is divided by u(-5)?
14
Let h = -1105 + 1490. What is the remainder when h is divided by 14?
7
Let j(n) = n**2 - 13*n - 13. Let v be j(11). Let r(d) = 12*d**2 - d. Calculate the remainder when 522/14 + 10/v is divided by r(-1).
11
Let s(t) = 4*t**2 + 2*t + 3*t + 4 - 8*t**2 + t**3 - 6*t. Calculate the remainder when 3/(-2 + 190/92) is divided by s(5).
22
Let u(b) = -b**3 + 6*b**2 + 2*b + 3. Let c(r) = 2*r + 25. Let s(f) = -f - 1. Let d(o) = c(o) + 3*s(o). Calculate the remainder when d(-5) is divided by u(6).
12
Let c = 13 + -14. Let o = c - -4. What is the remainder when ((-8)/(-10))/((-4)/(-20)) is divided by o?
1
Suppose f - 30 = -19. What is the remainder when 119 is divided by f?
9
Let m(j) = -193*j + 45. Calculate the remainder when m(-1) is divided by 119.
0
Suppose 2*b + 128 = 10*b. Calculate the remainder when 142 is divided by b.
14
Suppose -3*z + 2*v = -37, -27 = -2*z + 18*v - 19*v. What is the remainder when 89 is divided by z?
11
Let j = -167 + 213. Calculate the remainder when j is divided by 24.
22
Suppose -b + 4 = 0, 0*w + 2*b - 8 = -5*w. Suppose d - 6*o - 27 = -o, 0 = 4*d + o - 3. What is the remainder when (1 + w)*3 - 0 is divided by d?
1
Suppose 0*u = -4*u + 192. Let k(m) = -7*m - 4. Calculate the remainder when k(-5) is divided by u/(-9)*(-6)/4.
7
Let d = 58 - 53. Suppose -1080 = -d*t - 95. Calculate the remainder when t is divided by 25.
22
Suppose 2*z + 73 + 2 = 3*t, 3*t - 75 = -3*z. Calculate the remainder when t is divided by 16.
9
Suppose 0 = -2*r - 3*r + 3*w + 35, -w - 15 = -2*r. What is the remainder when 7 + -1 + -3 + 1*r is divided by 6?
1
Let t(l) = -l**2 - 7*l + 1. Calculate the remainder when 11/(21 + -10) - (-34)/2 is divided by t(-5).
7
Let g = -178 + 253. Let a = 82 - g. Calculate the remainder when a is divided by 5.
2
Let d(r) = 2*r**2 - 12*r + 11. Let i(z) = -3*z**2 + 25*z - 21. Let w(v) = -5*d(v) - 3*i(v). What is the remainder when 13 is divided by w(-15)?
5
Suppose 3*p - 161 = -3*x + 5*p, -x - 4*p = -49. Suppose 4*r - 47 = x. Calculate the remainder when 52 is divided by 290/r - 3/5.
8
Let f = 1 - -3. What is the remainder when (-1 + 0)/((-2 + 7)/(-285)) 